i. List the prime factors of d.
2, 3, 5, 43
Let q be 12/4 - (2 - 47). Suppose 7*h = 561 + q. What are the prime factors of h?
3, 29
Let i(s) = -s - 10. Let m be i(-14). Suppose 5*a - 21 = 19. Suppose 0 = -l - 4*t + 8, -2*l = m*t - a*t - 40. What are the prime factors of l?
2
Let y = 31 + 101. What are the prime factors of 19956/y + (-2)/11?
151
Let y = 122 - 128. List the prime factors of 11240/56 + y/(-21).
3, 67
Suppose -7*d = -3*w - 3*d + 29, -4*w + 22 = -2*d. Let b be 1/(-8) - (-553)/(-56). List the prime factors of (4/w)/(b/(-195)).
2, 13
Let j(d) = -9*d - 5*d**3 + 4*d**3 - 13*d**2 + 0*d + 11*d - 9. What are the prime factors of j(-14)?
3, 53
Let y = 117 - 19. Let u = 228 - 277. Let j = u + y. List the prime factors of j.
7
Suppose 13*y - 17*y + 84 = 0. Suppose y = -5*l + 36. Suppose -u = -l*x + 132, 100 = 5*x - 4*u - 113. What are the prime factors of x?
3, 5
Let l = -504 - -1439. List the prime factors of l.
5, 11, 17
Suppose 0 = -5*i - 4*d + 4901, 4*d = 5*i + 1069 - 5938. List the prime factors of i.
977
Let f = -20 - -24. Let k be 350/(-6) - f/6. Let v = 85 + k. What are the prime factors of v?
2, 13
Let i be 9/2 - 4/(-8). Suppose -21 = i*s - 1071. List the prime factors of s.
2, 3, 5, 7
Suppose 4*b - 742 = 5*u, u = 3*b + 5*u - 572. Suppose 5*p - b = 272. What are the prime factors of p?
2, 23
Suppose 5*i + 510 = 5*r, 3*r + 507 = -5*i + 7*r. Suppose 37 = -2*q - 71. Let s = q - i. What are the prime factors of s?
3, 5
Let v(w) = -2*w**3 + 50*w**2 + 54*w + 25. What are the prime factors of v(26)?
7, 11
Suppose 5 = 5*v, 0 = -2*f + 5*f - 3*v - 2964. List the prime factors of f.
23, 43
Suppose t - 4*t = 3. Let c = -292 - -281. Let w = t - c. What are the prime factors of w?
2, 5
Let u = -10 - -10. Let w be 3 + 0 + u/(-1). What are the prime factors of 58/(0 - -5 - w)?
29
Let q(m) = -m**2 + 10*m + 5. Let i be 10 + (1 - -1) + -3. Let l be q(i). Let c(p) = 2*p - 16. List the prime factors of c(l).
2, 3
List the prime factors of 698/8*(28 + -12).
2, 349
Let o(j) = j**2 - 13*j + 15. Let d be o(12). Suppose 3*m = m + d*v + 118, 6 = 3*v. List the prime factors of m.
2, 31
Let c be (3 - 6)/(1/(-1)). Let l(z) = 9*z - 5*z**3 + 0*z**3 - 2 + 4*z**c + 6*z**2 + 3. List the prime factors of l(7).
3, 5
Let u(t) = t**3 - 11*t**2 - 10*t + 6. Let g be (-2)/1 - 196/(-14). What are the prime factors of u(g)?
2, 3, 5
Let p(k) = -20*k**3 - 9*k**2 - 4*k - 7. What are the prime factors of p(-4)?
5, 229
List the prime factors of (2*18/(-8))/(30/(-5720)).
2, 3, 11, 13
Suppose -4*d - 244 + 1044 = 0. Suppose 9*r - 13*r + d = 0. List the prime factors of r.
2, 5
Let g = 915 - 297. What are the prime factors of g?
2, 3, 103
Suppose 0 = 2*p + 8*r - 5*r - 1712, 2565 = 3*p + 3*r. List the prime factors of p.
853
Suppose -5*u - 12 = -4*v, -2*u + 6*v - v = 15. List the prime factors of (-8)/(-36) + u + (-500)/(-18).
2, 7
Let r be 1/((21/30)/7). Let p = -6 + r. List the prime factors of 11/(-44) - (-141)/p.
5, 7
What are the prime factors of 48594/52 - 3/2?
3, 311
What are the prime factors of (-16)/6*93/(-2)?
2, 31
Let h(p) = 30*p - 6. Let d be h(15). Suppose -2*x + 164 + 50 = o, 4*x - 2*o = d. Suppose 0 = 4*k - g + 2*g - 229, -2*k = -5*g - x. List the prime factors of k.
3, 19
Let b = 564 - 555. Let l be 6*((-30)/4)/(-3). Suppose q = l + b. What are the prime factors of q?
2, 3
Suppose 2333 = 10*v - 537. What are the prime factors of v?
7, 41
Let t(d) = 102*d**2 + 6*d - 6. What are the prime factors of t(2)?
2, 3, 23
Suppose 0 = 4*r + 1 - 5. Let a be ((-120)/(-18))/((-3)/(-9)). What are the prime factors of a*r/((-8)/(-6))?
3, 5
Let p(w) = 3*w**2 - 2*w + 1. Let l be p(1). Let m(f) = f**3 - 32*f**2 - 55*f - 54. Let d be m(34). What are the prime factors of l/3 + d/12?
3, 11
List the prime factors of 214/(-963) - (21028/(-18) + -2).
2, 3, 5, 13
Suppose -3*g + 8*g - 4370 = 0. List the prime factors of g.
2, 19, 23
Suppose d - 5*o - 2819 = -2*d, 0 = -3*d - o + 2849. What are the prime factors of d?
2, 3, 79
Let r = -1329 - -2161. List the prime factors of r.
2, 13
Let h(a) = a + 4. Let t(u) = -u + 1. Let z(p) = 4*h(p) - 20*t(p). Let w be z(4). Suppose w = 15*c - 11*c. List the prime factors of c.
23
Suppose -j - 5*m + m = 43, j + 25 = 2*m. Suppose -3*z + 289 = 5*p, 0*p - p = -z - 53. Let n = j + p. List the prime factors of n.
5
Let t = -2727 + 4657. What are the prime factors of t?
2, 5, 193
Let z(a) = 3*a - 9. Let p be z(4). Suppose 5*r + 20 = 4*y, p*r + 2*r + y = -45. What are the prime factors of 17 - -2*(-12)/r?
2, 5
Suppose -9*u = -14*u - 5*x + 12085, -5*u = -x - 12085. What are the prime factors of u?
2417
Let c(q) = -q**3 - 10*q**2 - 11*q + 9. Let u be c(-9). Suppose 3*l + u = -4*y, -2*l - 19 = -3*y + 6*y. Let g = y + 17. What are the prime factors of g?
2, 7
Suppose 3*v - 4*v = 5*f - 18, 0 = 3*f + 5*v - 24. Suppose -20 = f*p - p. What are the prime factors of (24/p)/(14/(-105))?
2, 3
Let i = -3051 + 5084. List the prime factors of i.
19, 107
Suppose -11625 = 1491*y - 1494*y. What are the prime factors of y?
5, 31
Let q = 2031 + 68. List the prime factors of q.
2099
Let m = -311 - -329. What are the prime factors of m?
2, 3
Suppose d = 5*d + 5*v - 247, 4*v + 20 = 0. Suppose 46 = 6*z - d. List the prime factors of z.
19
Let p(v) = v + 0 + 1 - 1 + 7. Let t be p(7). List the prime factors of 192/t + 18/63.
2, 7
Suppose -n - n + 4 = 0. Suppose -2*g - n + 12 = 0. Suppose -5*t + 3*b = -35 - 24, -2*t - g*b = -5. What are the prime factors of t?
2, 5
Let q be 14/((-10)/(-5)) + -3. Suppose 2*p + 960 - 258 = 5*r, -5*r = q*p - 726. What are the prime factors of r?
2, 71
Let j = -3 + -37. Let k be ((-5)/3)/((-3)/(-27)). Let g = k - j. What are the prime factors of g?
5
Let r(z) be the third derivative of z**4/24 + 187*z**3/6 - 32*z**2. What are the prime factors of r(0)?
11, 17
Let g(q) = q**2 + 6*q + 264. What are the prime factors of g(-21)?
3, 193
Let p(x) = x**3 + 18*x**2 - 2*x + 11. Let v(o) = o**3 + 10*o**2 - 8*o + 15. Let y be v(-11). What are the prime factors of p(y)?
47
Suppose -3*o - 2*o = 0. Let d(z) = 4*z + 2. Let i be d(6). Suppose j - 5 - i = o. What are the prime factors of j?
31
Suppose -12*v = -7*v - 1085. List the prime factors of 15/14*94 + 62/v.
101
Let u = 1081 - 907. List the prime factors of u.
2, 3, 29
Suppose a - 7 = 4. Suppose a*z - 2231 + 9 = 0. What are the prime factors of z?
2, 101
Let s(y) = -3*y + 17. Let c(x) = -10*x + 50. Let i(a) = -3*c(a) + 8*s(a). What are the prime factors of i(8)?
2, 17
Let b(d) = 34*d - 241. List the prime factors of b(33).
881
Let c(q) = -9*q**3 - 3*q**2 + 8*q + 10. What are the prime factors of c(-5)?
2, 3, 5, 17
Suppose -1411*n - 361 = -1412*n. List the prime factors of n.
19
Suppose 4*s + 29*w - 28*w = 1850, 0 = -5*s - w + 2313. What are the prime factors of s?
463
Suppose 2*q = n - 48, -5*q + 49 + 143 = 4*n. Suppose -16 = -t - 3*l + n, -3*t = 4*l - 177. What are the prime factors of t?
5, 11
Suppose 2708 = 4*d - g - 2*g, g - 2018 = -3*d. What are the prime factors of d?
2, 337
Suppose -f - 759 = 4*d - 47, 3*f - 12 = 0. Let q = -6 - d. What are the prime factors of q?
173
Suppose -2*s + 64 + 40 = 0. Let d = -2 - -5. Suppose g + d*g = s. List the prime factors of g.
13
Suppose 4*c = 4*y + 24, 4*c = -5*y + y + 8. Suppose c = v + 1. Suppose -p + v + 10 = 0. List the prime factors of p.
13
Suppose u - 5*p - 420 = 0, 278 - 1916 = -4*u - p. What are the prime factors of u?
2, 5, 41
Let i be (-1 - 1)*-1 + -24. Let h be (-68)/5 + i/55. List the prime factors of 62/4 - h/(-28).
3, 5
Let x(o) = -2*o**3 - 2*o**2 - 2*o - 21. What are the prime factors of x(-7)?
7, 83
Suppose -2*x + 2*p + 32 = 124, 4*x + 3*p = -177. Let a = 15 + x. Let s = a - -75. What are the prime factors of s?
3, 5
Suppose f + 2 = 1. Let g be -17 + -2 + 0 - f. List the prime factors of (-4)/g - (-79)/9.
3
Let z(p) = 36*p**2 - 8*p - 7. What are the prime factors of z(-8)?
3, 787
Let o(w) = -w**2 - 16*w + 11. Suppose -19 = 2*b + b - 2*f, 4*b - f + 32 = 0. Let r be o(b). Suppose -90 = -4*n + r. What are the prime factors of n?
41
Suppose -2*q - 156 = -4*a, 2*a - 2*q = -3*a + 195. Suppose 4*z + a = 139. Suppose -r - 4*r + z = 0. List the prime factors of r.
5
Let j = -13 + 167. Suppose -j = 35*w - 37*w. List the prime factors of w.
7, 11
Let u be 42/(-9) - 3/9. 